s 85231 a composite number?
True
Is 1361 composite?
False
Is 1314415 a composite number?
True
Is 657641 prime?
False
Is 1101739 composite?
True
Is 5398 composite?
True
Is 11311 a composite number?
False
Is 5447 prime?
False
Is 2843 a prime number?
True
Is 226001 prime?
True
Is 18947 composite?
False
Is 206215 composite?
True
Is 1046 composite?
True
Is 9619 a composite number?
False
Is 2831 a composite number?
True
Is 191873 composite?
True
Is 125179 a prime number?
False
Is 10831 prime?
True
Is 31895 composite?
True
Is 729257 prime?
True
Is 139039 a composite number?
True
Is 17159 a composite number?
False
Is 49409 a prime number?
True
Is 307 composite?
False
Is 1069 a prime number?
True
Is 150485 prime?
False
Is 198019 prime?
False
Is 25901 a prime number?
False
Is 309649 prime?
False
Is 10291 a composite number?
True
Is 48338 prime?
False
Is 26813 a prime number?
True
Is 19567 composite?
True
Is 204767 a prime number?
False
Is 17021 prime?
True
Is 429277 a prime number?
True
Is 32449 a prime number?
False
Is 2743 composite?
True
Is 27123 prime?
False
Is 43211 a composite number?
True
Is 384297 a prime number?
False
Is 605573 a composite number?
False
Is 8501 prime?
True
Is 10315 a prime number?
False
Is 18982 prime?
False
Is 884683 composite?
True
Is 1309403 composite?
True
Is 3799 a composite number?
True
Is 11647 composite?
True
Is 265763 composite?
True
Is 62663 composite?
True
Is 29819 prime?
True
Is 20053 a prime number?
False
Is 1115 prime?
False
Is 74179 composite?
True
Is 21374 composite?
True
Is 478489 a prime number?
False
Is 10441 a prime number?
False
Is 13766 a composite number?
True
Is 522047 composite?
False
Is 10697 composite?
True
Is 694145 a prime number?
False
Is 6163 prime?
True
Is 5723 prime?
False
Is 25514 prime?
False
Is 87 prime?
False
Is 19639 composite?
True
Is 24139 a prime number?
False
Is 600469 a composite number?
False
Is 20861 a composite number?
True
Is 64159 composite?
True
Is 47981 a composite number?
False
Is 40219 a prime number?
False
Is 44567 a prime number?
False
Is 2591 a composite number?
False
Is 8315061 a composite number?
True
Is 121033 a composite number?
True
Is 420477 composite?
True
Is 467981 a composite number?
True
Is 31243 a prime number?
False
Is 41381 a prime number?
True
Is 318629 a prime number?
True
Is 94201 a prime number?
True
Is 5147 prime?
True
Is 48449 a prime number?
True
Is 521 a composite number?
False
Is 660683 a composite number?
False
Is 7481 a prime number?
True
Is 152501 a prime number?
True
Is 72379 composite?
False
Is 392693 a composite number?
True
Is 1133947 a prime number?
True
Is 23486 a composite number?
True
Is 65047 composite?
True
Is 447 a composite number?
True
Is 88919 a prime number?
True
Is 26099 prime?
True
Is 137783 prime?
False
Is 2193031 a composite number?
False
Is 876569 composite?
False
Is 46573 a composite number?
False
Is 1221457 a prime number?
True
Is 23251 a prime number?
True
Is 26665 a prime number?
False
Is 43361 a prime number?
False
Is 142585 a prime number?
False
Is 121297 prime?
False
Is 13309 a prime number?
True
Is 128157 prime?
False
Is 96983 prime?
False
Is 436957 composite?
False
Is 15661 a prime number?
True
Is 56767 prime?
True
Is 48649 a prime number?
True
Is 22303 a prime number?
True
Is 78367 prime?
True
Is 55291 a composite number?
False
Is 31907 a prime number?
True
Is 184697 prime?
False
Is 721295 composite?
True
Is 8185 a prime number?
False
Is 30467 a composite number?
False
Is 109 composite?
False
Is 70043 a prime number?
False
Is 1907195 prime?
False
Is 315047 a prime number?
True
Is 248351 prime?
True
Is 113437 a composite number?
False
Is 134327 a prime number?
True
Is 5251 composite?
True
Is 896669 a composite number?
False
Is 375281 a composite number?
False
Is 61862 composite?
True
Is 9587 prime?
True
Is 756763 a composite number?
True
Is 205189 composite?
True
Is 17237 a prime number?
False
Is 23489 prime?
False
Is 1219 prime?
False
Is 7463 a prime number?
False
Is 8257 prime?
False
Is 1523 a prime number?
True
Is 1082 composite?
True
Is 4882271 a composite number?
False
Is 3089 prime?
True
Is 1327709 prime?
True
Is 12071 a composite number?
False
Is 39099 a composite number?
True
Is 196985 prime?
False
Is 32353 composite?
False
Is 19263 a composite number?
True
Is 5359 composite?
True
Is 858397 a composite number?
False
Is 15221 a prime number?
False
Is 331 a composite number?
False
Is 3293 a composite number?
True
Is 100133 a prime number?
False
Is 154201 prime?
False
Is 1405919 a prime number?
True
Is 69749 prime?
False
Is 15563 a composite number?
True
Is 95339 prime?
True
Is 45001 prime?
False
Is 28131 composite?
True
Is 1189 a composite number?
True
Is 745211 composite?
True
Is 102497 a prime number?
True
Is 40003 prime?
False
Is 27791 prime?
True
Is 7607 prime?
True
Is 84781 composite?
True
Is 123329 a composite number?
True
Is 1619 prime?
True
Is 737197 composite?
True
Is 25031 a prime number?
True
Is 62026 composite?
True
Is 18295 composite?
True
Is 17441 composite?
True
Is 1007 a prime number?
False
Is 157345 composite?
True
Is 1313563 composite?
True
Is 75389 a composite number?
False
Is 69317 prime?
True
Is 15242 composite?
True
Is 1361 a composite number?
False
Is 4479 composite?
True
Is 24667 composite?
True
Is 1582613 composite?
True
Is 59991 a composite number?
True
Is 794 a composite number?
True
Is 618539 a composite number?
True
Is 1655 prime?
False
Is 2833 prime?
True
Is 224821 a prime number?
False
Is 634715 composite?
True
Is 12689 a composite number?
False
Is 14243 prime?
True
Is 55349 composite?
True
Is 6127 prime?
False
Is 146513 a prime number?
True
Is 105751 composite?
False
Is 3359337 prime?
False
Is 35729 composite?
False
Is 718 prime?
False
Is 63997 a composite number?
False
Is 4969937 a prime number?
False
Is 1145373 prime?
False
Is 118127 composite?
False
Is 791773 a composite number?
False
Is 3809 a prime number?
False
Is 3027 prime?
False
Is 1031045 a composite number?
True
Is 46169 composite?
True
Is 544601 composite?
False
Is 37871 composite?
False
Is 573179 a prime number?
True
Is 19693 a prime number?
False
Is 93649 a composite number?
True
Is 458987 a composite number?
False
Is 45377 a composite number?
False
Is 135658 a prime number?
False
Is 18329 a composite number?
False
Is 59141 a composite number?
False
Is 141649 prime?
True
Is 38297 a prime number?
False
Is 30029 a prime number?
True
Is 237959 a prime number?
True
Is 117965 composite?
True
Is 6583 a composite number?
True
Is 25889 a prime number?
True
Is 570733 a composite number?
False
Is 349801 composite?
False
Is 825185 prime?
False
Is 1143529 prime?
True
Is 1419137 a prime number?
True
Is 19571 a prime number?
True
Is 263303 composite?
False
Is 117643 a prime number?
True
Is 33529 composite?
False
Is 22 prime?
False
Is 22297 prime?
False
Is 18661 a prime number?
True
Is 243247 a composite number?
True
Is 259867 a composite number?
False
Is 94613 composite?
False
Is 45053 a prime number?
True
Is 1171 composite?
False
Is 1471 a composite number?
False
Is 162109 a composite number?
False
Is 5519 composite?
False
Is 2108291 prime?
True
Is 15877 a prime number?
True
Is 124081 a prime number?
False
Is 11149 a composite number?
False
Is 14699 composite?
False
Is 166457 a prime number?
True
Is 1142777 a composite number?
False
Is 13951 a composite number?
True
Is 16871 a composite number?
False
Is 9197 composite?
True
Is 191413 a composite number?
False
Is 12319 composite?
True
Is 72763 a prime number?
True
Is 6943 composite?
True
Is 188393 composite?
True
Is 467867 a prime number?
True
Is 457159 a prime number?
False
Is 16143 composite?
True
Is 47665 prime?
False
Is 1315049 a prime number?
True
Is 798431 prime?
False
Is 199151 composite?
False
Is 1626731 prime?
False
Is 25301 a prime number?
True
Is 2149 a prime number?
False
Is 35797 a composite number?
False
Is 14519 a prime number?
True
Is 130867 a composite number?
True
Is 324511 composite?
True
Is 369169 prime?
True
Is 33323 a prime number?
False
Is 97186 a composite number?
True
Is 16409 a prime number?
False
Is 49909 composite?
True
Is 192137 a prime number?
False
Is 54039 a prime number?
False
Is 165793 composite?
True
Is 17863 a composite number?
False
Is 3037 a